{"id":445,"date":"2024-11-07T20:27:12","date_gmt":"2024-11-07T19:27:12","guid":{"rendered":"https:\/\/cvjm-stadtroda.de\/?page_id=445"},"modified":"2026-03-21T10:48:21","modified_gmt":"2026-03-21T09:48:21","slug":"aktuelles","status":"publish","type":"page","link":"https:\/\/cvjm-stadtroda.de\/?page_id=445","title":{"rendered":"Aktuelles"},"content":{"rendered":"\n<p class=\"has-ast-global-color-1-color has-text-color has-link-color has-small-font-size wp-elements-4b8cfdc670a261902b9ab7183f482946\">Aktuell besetzen wir unsere Stelle in der mobilen Jugendarbeit neu: <a href=\"https:\/\/thaff-thueringen.de\/Stellenangebote\/mitarbeiter-m-w-d-in-der-mobilen-jugendarbeit-gebietsjugendpflege\" target=\"_blank\" rel=\"noreferrer noopener\"><strong>Zur Bewerbung<\/strong><\/a><\/p>\n\n\n\n<p class=\"has-medium-font-size\">Mitarbeiter (m\/w\/d) in der mobilen Jugendarbeit \/ Gebietsjugendpflege | Soziale Arbeit<\/p>\n\n\n\n<p>zur Mitarbeit am Jugendkompetenzzentrum der Region Mitte in Hermsdorf<br>(Saale-Holzland-Kreis) mit T\u00e4tigkeitsschwerpunkt in Stadtroda.<br>Der CVJM Stadtroda e.V. ist als freier Tr\u00e4ger der Jugendhilfe seit vielen Jahren<br>in der Jugendarbeit und Jugendsozialarbeit im Saale-Holzland-Kreis t\u00e4tig. Die<br>Jugendhilfe im Landkreis wird aus drei Kompetenzzentren heraus gesteuert,<br>von denen je eines f\u00fcr eine bestimmte Region zust\u00e4ndig ist. In diesen<br>Kompetenzzentren werden die verschiedenen Bereiche der Jugendhilfe f\u00fcr die<br>jeweilige Region geplant und koordiniert. Dazu sind die wesentlichen Akteure<br>der Jugendarbeit dort personell und logistisch vertreten, um Austausch,<br>Vernetzung und B\u00fcndelung zu gew\u00e4hrleisten.<br>Zu den Aufgaben geh\u00f6ren:<\/p>\n\n\n\n<ul class=\"wp-block-list\">\n<li>aufsuchende Kinder- und Jugendarbeit in den Regionen Bad&nbsp;Klosterlausnitz, Hermsdorf und vorrangig Stadtroda,<\/li>\n\n\n\n<li>Erhalt, Schaffung und Begleitung von selbstorganisierten Jugendr\u00e4umen,<\/li>\n\n\n\n<li>Kontakt- und Beziehungsarbeit zu Jugendgruppen im Sozialraum,<\/li>\n\n\n\n<li>Ermittlung kinder- und jugendspezifischer Freizeitbedarfe,<\/li>\n\n\n\n<li>Zusammenarbeit mit Netzwerkpartnern im Jugendkompetenzzentrum Mitte&nbsp;in Hermsdorf,<\/li>\n\n\n\n<li>Beratung der kommunalen Verwaltung zu Gesetzesgrundlagen,&nbsp;F\u00f6rderm\u00f6glichkeiten etc.,<\/li>\n\n\n\n<li>Unterst\u00fctzung und Beratung in Fragen des Ehrenamts und Vereinsrechts,<\/li>\n\n\n\n<li>Unterst\u00fctzung und Durchf\u00fchrung von Freizeitangeboten und&nbsp;Ferienfreizeiten,<\/li>\n\n\n\n<li>Planung, Koordinierung und Abrechnung eigener innovativer Projekte in&nbsp;mobiler und offener Jugendarbeit,<\/li>\n\n\n\n<li>Hausleitung des Kinder- und Jugendfreizeitzentrums des CVJM Stadtroda&nbsp;e.V.<\/li>\n<\/ul>\n\n\n\n<p>Wir freuen uns auf eine Pers\u00f6nlichkeit mit:<\/p>\n\n\n\n<ul class=\"wp-block-list\">\n<li>abgeschlossenem Hochschulstudium der Sozialp\u00e4dagogik oder&nbsp;vergleichbarem Abschluss entsprechend Fachkr\u00e4ftegebot,<\/li>\n\n\n\n<li>hoher Organisationsf\u00e4higkeit,<\/li>\n\n\n\n<li>Flexibilit\u00e4t in der Arbeitszeitgestaltung,<\/li>\n\n\n\n<li>Eigeninitiative bei gleichzeitig teamorientierter Arbeitsweise,<\/li>\n\n\n\n<li>F\u00fchrerschein Klasse B (eigener PKW vorteilhaft),<\/li>\n\n\n\n<li>pers\u00f6nlichem Glauben an Jesus Christus und Identifikation mit den Zielen&nbsp;und Leitlinien des CVJM.<\/li>\n<\/ul>\n\n\n\n<p>Wir bieten:<\/p>\n\n\n\n<ul class=\"wp-block-list\">\n<li>eine interessante und vielseitige T\u00e4tigkeit,<\/li>\n\n\n\n<li>Weiterbildungsm\u00f6glichkeiten,<\/li>\n\n\n\n<li>Verg\u00fctung nach den Arbeitsvertragsrichtlinien der Diakonie (AVR.KW),<\/li>\n\n\n\n<li>eine unbefristete Vollzeitstelle,<\/li>\n\n\n\n<li>Unterst\u00fctzung bei der Wohnungssuche.<\/li>\n<\/ul>\n\n\n\n<p>Haben wir Ihr Interesse geweckt? Dann senden Sie Ihre aussagekr\u00e4ftigen<br>Bewerbungsunterlagen bitte in einer PDF-Datei<br>an<strong> reinhardgeiss@gmail.com<\/strong>.<br>Bei R\u00fcckfragen steht Dr. Reinhard Gei\u00df, Vorsitzender des CVJM Stadtroda e.V.,<br>per E-Mail oder unter <strong>0160 948 626 55<\/strong> zur Verf\u00fcgung.<\/p>\n\n\n\n<p><\/p>\n","protected":false},"excerpt":{"rendered":"<p>Aktuell besetzen wir unsere Stelle in der mobilen Jugendarbeit neu: Zur Bewerbung Mitarbeiter (m\/w\/d) in der mobilen Jugendarbeit \/ Gebietsjugendpflege | Soziale Arbeit zur Mitarbeit am Jugendkompetenzzentrum der Region Mitte [&hellip;]<\/p>\n","protected":false},"author":2,"featured_media":0,"parent":0,"menu_order":0,"comment_status":"closed","ping_status":"closed","template":"","meta":{"site-sidebar-layout":"default","site-content-layout":"","ast-site-content-layout":"default","site-content-style":"default","site-sidebar-style":"default","ast-global-header-display":"","ast-banner-title-visibility":"","ast-main-header-display":"","ast-hfb-above-header-display":"","ast-hfb-below-header-display":"","ast-hfb-mobile-header-display":"","site-post-title":"","ast-breadcrumbs-content":"","ast-featured-img":"","footer-sml-layout":"","theme-transparent-header-meta":"","adv-header-id-meta":"","stick-header-meta":"","header-above-stick-meta":"","header-main-stick-meta":"","header-below-stick-meta":"","astra-migrate-meta-layouts":"set","ast-page-background-enabled":"default","ast-page-background-meta":{"desktop":{"background-color":"","background-image":"","background-repeat":"repeat","background-position":"center center","background-size":"auto","background-attachment":"scroll","background-type":"","background-media":"","overlay-type":"","overlay-color":"","overlay-gradient":""},"tablet":{"background-color":"","background-image":"","background-repeat":"repeat","background-position":"center center","background-size":"auto","background-attachment":"scroll","background-type":"","background-media":"","overlay-type":"","overlay-color":"","overlay-gradient":""},"mobile":{"background-color":"","background-image":"","background-repeat":"repeat","background-position":"center center","background-size":"auto","background-attachment":"scroll","background-type":"","background-media":"","overlay-type":"","overlay-color":"","overlay-gradient":""}},"ast-content-background-meta":{"desktop":{"background-color":"var(--ast-global-color-5)","background-image":"","background-repeat":"repeat","background-position":"center center","background-size":"auto","background-attachment":"scroll","background-type":"","background-media":"","overlay-type":"","overlay-color":"","overlay-gradient":""},"tablet":{"background-color":"var(--ast-global-color-5)","background-image":"","background-repeat":"repeat","background-position":"center center","background-size":"auto","background-attachment":"scroll","background-type":"","background-media":"","overlay-type":"","overlay-color":"","overlay-gradient":""},"mobile":{"background-color":"var(--ast-global-color-5)","background-image":"","background-repeat":"repeat","background-position":"center center","background-size":"auto","background-attachment":"scroll","background-type":"","background-media":"","overlay-type":"","overlay-color":"","overlay-gradient":""}},"footnotes":""},"class_list":["post-445","page","type-page","status-publish","hentry"],"_links":{"self":[{"href":"https:\/\/cvjm-stadtroda.de\/index.php?rest_route=\/wp\/v2\/pages\/445","targetHints":{"allow":["GET"]}}],"collection":[{"href":"https:\/\/cvjm-stadtroda.de\/index.php?rest_route=\/wp\/v2\/pages"}],"about":[{"href":"https:\/\/cvjm-stadtroda.de\/index.php?rest_route=\/wp\/v2\/types\/page"}],"author":[{"embeddable":true,"href":"https:\/\/cvjm-stadtroda.de\/index.php?rest_route=\/wp\/v2\/users\/2"}],"replies":[{"embeddable":true,"href":"https:\/\/cvjm-stadtroda.de\/index.php?rest_route=%2Fwp%2Fv2%2Fcomments&post=445"}],"version-history":[{"count":7,"href":"https:\/\/cvjm-stadtroda.de\/index.php?rest_route=\/wp\/v2\/pages\/445\/revisions"}],"predecessor-version":[{"id":471,"href":"https:\/\/cvjm-stadtroda.de\/index.php?rest_route=\/wp\/v2\/pages\/445\/revisions\/471"}],"wp:attachment":[{"href":"https:\/\/cvjm-stadtroda.de\/index.php?rest_route=%2Fwp%2Fv2%2Fmedia&parent=445"}],"curies":[{"name":"wp","href":"https:\/\/api.w.org\/{rel}","templated":true}]}}

<p class="has-ast-global-color-1-color has-text-color has-link-color has-small-font-size wp-elements-4b8cfdc670a261902b9ab7183f482946">Aktuell besetzen wir unsere Stelle in der mobilen Jugendarbeit neu: <a href="https://thaff-thueringen.de/Stellenangebote/mitarbeiter-m-w-d-in-der-mobilen-jugendarbeit-gebietsjugendpflege" target="_blank" rel="noreferrer noopener"><strong>Zur Bewerbung</strong></a></p>



<p class="has-medium-font-size">Mitarbeiter (m/w/d) in der mobilen Jugendarbeit / Gebietsjugendpflege | Soziale Arbeit</p>



<p>zur Mitarbeit am Jugendkompetenzzentrum der Region Mitte in Hermsdorf<br>(Saale-Holzland-Kreis) mit Tätigkeitsschwerpunkt in Stadtroda.<br>Der CVJM Stadtroda e.V. ist als freier Träger der Jugendhilfe seit vielen Jahren<br>in der Jugendarbeit und Jugendsozialarbeit im Saale-Holzland-Kreis tätig. Die<br>Jugendhilfe im Landkreis wird aus drei Kompetenzzentren heraus gesteuert,<br>von denen je eines für eine bestimmte Region zuständig ist. In diesen<br>Kompetenzzentren werden die verschiedenen Bereiche der Jugendhilfe für die<br>jeweilige Region geplant und koordiniert. Dazu sind die wesentlichen Akteure<br>der Jugendarbeit dort personell und logistisch vertreten, um Austausch,<br>Vernetzung und Bündelung zu gewährleisten.<br>Zu den Aufgaben gehören:</p>



<ul class="wp-block-list">
<li>aufsuchende Kinder- und Jugendarbeit in den Regionen Bad&nbsp;Klosterlausnitz, Hermsdorf und vorrangig Stadtroda,</li>



<li>Erhalt, Schaffung und Begleitung von selbstorganisierten Jugendräumen,</li>



<li>Kontakt- und Beziehungsarbeit zu Jugendgruppen im Sozialraum,</li>



<li>Ermittlung kinder- und jugendspezifischer Freizeitbedarfe,</li>



<li>Zusammenarbeit mit Netzwerkpartnern im Jugendkompetenzzentrum Mitte&nbsp;in Hermsdorf,</li>



<li>Beratung der kommunalen Verwaltung zu Gesetzesgrundlagen,&nbsp;Fördermöglichkeiten etc.,</li>



<li>Unterstützung und Beratung in Fragen des Ehrenamts und Vereinsrechts,</li>



<li>Unterstützung und Durchführung von Freizeitangeboten und&nbsp;Ferienfreizeiten,</li>



<li>Planung, Koordinierung und Abrechnung eigener innovativer Projekte in&nbsp;mobiler und offener Jugendarbeit,</li>



<li>Hausleitung des Kinder- und Jugendfreizeitzentrums des CVJM Stadtroda&nbsp;e.V.</li>
</ul>



<p>Wir freuen uns auf eine Persönlichkeit mit:</p>



<ul class="wp-block-list">
<li>abgeschlossenem Hochschulstudium der Sozialpädagogik oder&nbsp;vergleichbarem Abschluss entsprechend Fachkräftegebot,</li>



<li>hoher Organisationsfähigkeit,</li>



<li>Flexibilität in der Arbeitszeitgestaltung,</li>



<li>Eigeninitiative bei gleichzeitig teamorientierter Arbeitsweise,</li>



<li>Führerschein Klasse B (eigener PKW vorteilhaft),</li>



<li>persönlichem Glauben an Jesus Christus und Identifikation mit den Zielen&nbsp;und Leitlinien des CVJM.</li>
</ul>



<p>Wir bieten:</p>



<ul class="wp-block-list">
<li>eine interessante und vielseitige Tätigkeit,</li>



<li>Weiterbildungsmöglichkeiten,</li>



<li>Vergütung nach den Arbeitsvertragsrichtlinien der Diakonie (AVR.KW),</li>



<li>eine unbefristete Vollzeitstelle,</li>



<li>Unterstützung bei der Wohnungssuche.</li>
</ul>



<p>Haben wir Ihr Interesse geweckt? Dann senden Sie Ihre aussagekräftigen<br>Bewerbungsunterlagen bitte in einer PDF-Datei<br>an<strong> reinhardgeiss@gmail.com</strong>.<br>Bei Rückfragen steht Dr. Reinhard Geiß, Vorsitzender des CVJM Stadtroda e.V.,<br>per E-Mail oder unter <strong>0160 948 626 55</strong> zur Verfügung.</p>



<p></p>
